 (86 - 1) + 0. Let b(w) = -w**3 - 5*w**2 - 18*w + 24. Let p be b(0). What is the greatest common factor of p and g?
12
Suppose -3*b - b = u - 11, -2*u = -3*b. Suppose -b*p + 2 = -108. What is the highest common divisor of p and 11?
11
Suppose 5*b - 660 = -b. Suppose -b*i + 32 = -106*i. What is the highest common factor of 2 and i?
2
Suppose -2*s - 4*p = -30, 40 - 11 = 3*s - 2*p. Suppose 0 = 4*w - m - 85, 3*w + w = -2*m + 94. What is the greatest common divisor of w and s?
11
Suppose -257 = -5*b - 3*y + 128, -5*y + 295 = 4*b. What is the greatest common divisor of 60 and b?
20
Let z be 109/9 - ((-7)/9)/(-7). What is the highest common factor of z and 15?
3
Suppose 0 = -0*n + n + 2*p + 46, 4*n - p = -139. Let f = -2 - -8. Let m be (f/9)/((-3)/n). Calculate the greatest common factor of m and 24.
8
Let t(z) = 5*z - 3. Let r be t(4). What is the greatest common factor of 136 and r?
17
Let a be (-1 + 30 - 8) + (2 - 5). What is the highest common factor of a and 144?
18
Suppose 16 = 2*k - 4*i, -2*i - 3*i - 45 = -5*k. Suppose 0*n = n - k. What is the greatest common divisor of 110 and n?
10
Let z = -47 + 77. Let t = z - 17. Let a = 58 + -6. Calculate the greatest common divisor of a and t.
13
Suppose -9 = 3*o - 5*q - 0*q, q = -3*o + 9. Suppose -15 = -3*m, -o*g + m + 3*m = -20. Calculate the greatest common divisor of 5 and g.
5
Let j be 3 - 0 - (-13 - 113)/7. What is the greatest common divisor of 189 and j?
21
Let j = 15 - -13. Let y = 1879 - 1872. Calculate the highest common factor of j and y.
7
Suppose 4*v + 2*f = 64, 4*v - f - 48 = v. Suppose h = -2*h. Suppose h = -6*b + b + 20. Calculate the greatest common factor of b and v.
4
Let f(y) = -y**2 - 36*y + 20. Let k be f(-34). What is the greatest common divisor of 24 and k?
8
Let g(s) = 46*s**2 - 4*s + 3. Let c be g(5). Calculate the highest common factor of c and 11.
11
Let p be -2 + 0 + 0 + (4 - -205). Suppose -2*f + p = 3*s - 97, 90 = s - 5*f. What is the highest common divisor of 25 and s?
25
Let q(v) = -v**3 - v**2 + v + 1. Let o be q(-2). Suppose -2*f - f - o = 0. Let d be -1*(f + 1*-12). Calculate the greatest common divisor of 26 and d.
13
Suppose 1105*y - 1094*y - 385 = 0. What is the highest common factor of 125 and y?
5
Let o be -3 - 69*3/(0 - 9). What is the highest common divisor of 2260 and o?
20
Let i = -2 - -7. Suppose -i*b + 5*t = -880, -b + t = -3*t - 164. Calculate the highest common divisor of 72 and b.
36
Let u = -12 - -17. Let r be 124 - 5/(u/4). Calculate the greatest common divisor of 24 and r.
24
Suppose 6*w = 57 - 249. Let k = w + 39. What is the highest common factor of 35 and k?
7
Let j(i) = i**2 - 36*i + 234. Let s be j(28). Calculate the highest common divisor of s and 12.
2
Let m = 233 - 206. Calculate the greatest common divisor of 3 and m.
3
Let u = -19 - -33. Let t = u - 11. Suppose 96 = 3*q - 3*p, -2*p = 5*q + t*p - 120. Calculate the highest common factor of 7 and q.
7
Suppose 22 = 3*m + 2*u - 15, -4*m + 11 = -5*u. Calculate the highest common factor of m and 36.
9
Suppose 0 = -5*x + n + 53 + 142, 4*n + 100 = 3*x. Suppose -64 = -3*l + 5*c, 10*l - 5*l + 5*c - x = 0. Calculate the greatest common divisor of l and 91.
13
Let n(k) = 9*k - 1. Let l be n(-1). Let i = 20 - l. What is the greatest common factor of 3 and i?
3
Let j = 22 - 34. Let n = -4 - j. What is the greatest common divisor of n and 2?
2
Let s(n) = -n + 5. Let d be s(0). Let v be -1*(1 - -1 - d). What is the highest common divisor of v and 24?
3
Let l = 60 + -50. Suppose 14*c - 216 = l*c. What is the highest common factor of 36 and c?
18
Let d be 124713/775 + (-2)/(-25). Calculate the greatest common divisor of 69 and d.
23
Let m(h) = -h**2 - 12*h - 6. Let y be m(-6). Calculate the highest common divisor of y and 615.
15
Suppose 3*x + 3*t - t = 236, 5*t = -10. Calculate the highest common divisor of x and 2480.
80
Let k(w) = w**3 - 12*w**2 + 44*w - 7. Let p be k(7). Calculate the greatest common divisor of 14 and p.
14
Let n(z) = z**3 - 4*z**2 - 3*z - 7. Let u be n(5). Suppose -2*g - b + 150 = 0, -g - u*b + 36 = -29. Calculate the highest common factor of 11 and g.
11
Let t be 173/5 + (-4)/(-10). Let c be (12/8)/((-18)/(-168)). What is the highest common factor of c and t?
7
Let v = -2429 + 2748. What is the highest common factor of v and 22?
11
Suppose 3*y - 323 = 109. What is the greatest common factor of 24 and y?
24
Let d = 381 - 173. Calculate the highest common factor of 156 and d.
52
Let f(g) = g**2 - 35*g - 33. Let y be f(36). Suppose 9*h = 6*h + 54. What is the highest common factor of y and h?
3
Let i(f) be the third derivative of 1/15*f**5 + 0 + 0*f - 5/6*f**3 + 1/6*f**4 - 3*f**2. Let q be i(5). Calculate the highest common factor of 23 and q.
23
Let j(i) = -81*i - 1. Let u(h) = 162*h + 2. Let t(s) = 5*j(s) + 2*u(s). Let y be t(-2). Let f = y + -80. What is the greatest common divisor of f and 9?
9
Suppose 0 = 2*k - 5*x - 72, -3*k + 8*x = 7*x - 108. What is the greatest common divisor of 180 and k?
36
Let m(o) = 35*o - 57. Let r be m(6). Let f(n) = -n**2 - 11*n - 1. Let j be f(-9). What is the greatest common factor of j and r?
17
Let b(q) = -q**2 - 14*q + 16. Let m be (-16)/10*(-75)/(-10). Let f be b(m). What is the highest common factor of f and 5?
5
Let w = -14 - -20. Suppose -10*j + 234 = -186. Calculate the highest common factor of j and w.
6
Let z(h) = 176*h**2 - h. Let g be z(-1). Suppose 9*y - 4*d + g = 14*y, 3*y = -5*d + 114. What is the greatest common factor of 11 and y?
11
Suppose 19*z - 15485 + 5035 = 0. What is the highest common factor of 200 and z?
50
Suppose 3*p - 3*i = 861, 2*p - 5*p = -5*i - 859. Calculate the greatest common factor of p and 18.
18
Suppose 3*t + 56 = -3*m + 65, 2*m + 3*t - 5 = 0. Suppose 0 = 4*d - 1 - 15. What is the greatest common divisor of m and d?
4
Let k(l) = l**3 + 3*l**2 - 13*l + 73. Let r be k(5). Calculate the greatest common divisor of 64 and r.
16
Let m(d) = -4*d**3 + 32*d**2 - d + 22. Let z be m(8). Calculate the greatest common divisor of z and 182.
14
Suppose -44 = -3*d + i, 5*d = -0*d + 3*i + 76. Let p be (4/3 - -1)*-3 + 63. What is the greatest common divisor of p and d?
14
Let k(u) = -2*u - 32. Let s be k(-24). What is the highest common divisor of s and 120?
8
Suppose 1056 = f + 3*f. Let g(a) = -a**2 - 13*a + 192. Let v be g(-21). Calculate the highest common factor of v and f.
24
Let s = 14 + -7. Let f be s/(-28) + (-18)/(-8). Suppose l + 32 = f*l. Calculate the greatest common factor of 80 and l.
16
Suppose g - 16 = -4*m + 5*g, -3*g = 3*m - 30. Suppose 0 = -i + 5 + m. Calculate the highest common factor of i and 48.
12
Let b be -2 + (-15)/(-2) + 8/16. Let r be 116/b - 7/(63/(-6)). What is the highest common factor of r and 8?
4
Let d = -12 + 19. Suppose 4*f - 5*i - 36 = 0, f - d = i + 1. Suppose -f*t = 2 - 30. What is the highest common divisor of t and 49?
7
Let w = 41 - -70. Let q = w + -48. Calculate the greatest common factor of 9 and q.
9
Suppose p - 581 = -524. What is the greatest common factor of 6 and p?
3
Suppose 0 = 2*n + 5*m - 138, 21*n - 18*n - m = 173. Calculate the highest common factor of n and 295.
59
Suppose 152 = 4*b + j, b - 17 = -2*j + 14. Calculate the highest common divisor of 52 and b.
13
Let j(d) = -d**2 - 231*d + 231*d + 2*d**2 - 2. Let p be 1 + -5 + (1 - 2). Let o be j(p). Calculate the greatest common divisor of o and 23.
23
Suppose -9*s + 241 = -281. What is the highest common divisor of s and 638?
58
Suppose 0 = -4*t - 5*l + 308, 2*t = -8*l + 4*l + 154. What is the greatest common factor of t and 22?
11
Suppose -3*l = 60 - 126. Calculate the greatest common factor of 6 and l.
2
Let a(w) = w**2 - 19*w + 35. Let u be a(19). Calculate the greatest common factor of 35 and u.
35
Let g be (-9 - (2 - 3))/(25/(-50)). What is the greatest common divisor of g and 2?
2
Let f be (2*2/(-12))/((-2)/36). Let i be ((-5370)/(-5))/f - 3. What is the greatest common divisor of i and 8?
8
Suppose -2*t - 4*q + 224 = -t, -q = -4. Calculate the highest common divisor of t and 13.
13
Suppose 2*m - 41 = -3*w, -2*m + 102 = 2*m + 2*w. Let j = 40 - m. Calculate the greatest common factor of j and 12.
12
Let f be ((-352)/2)/(8/(-8)). Let l = 0 + 16. What is the highest common divisor of l and f?
16
Suppose 0 = -35*p + 16*p + 10